{"id":1160,"date":"2025-10-21T22:32:59","date_gmt":"2025-10-21T20:32:59","guid":{"rendered":"https:\/\/ufolepgym.com\/?page_id=1160"},"modified":"2026-03-01T19:28:39","modified_gmt":"2026-03-01T18:28:39","slug":"npt","status":"publish","type":"page","link":"https:\/\/ufolepgym.com\/index.php\/npt\/","title":{"rendered":"Nouveau Programme Technique"},"content":{"rendered":"\n<p class=\"has-text-align-center has-luminous-vivid-amber-color has-text-color has-link-color wp-elements-49f87d6be9559e11a114c2e0cda3bb04\" style=\"font-size:32px;font-style:normal;font-weight:100\"><em>Celui qui forme l&rsquo;entra\u00eeneur autant qu&rsquo;il valorise les gyms.<\/em><\/p>\n\n\n\n<p class=\"has-text-align-left\">Le Nouveau Programme Technique marque une \u00e9volution importante.<br>Il vise \u00e0 accompagner durablement le d\u00e9veloppement des gymnastes, tout en offrant aux entra\u00eeneurs des<br>rep\u00e8res clairs, structurants et \u00e9volutifs pour guider la progression.<br>Comme tout changement de cadre, il introduit de nouveaux rep\u00e8res et de nouvelles logiques de lecture.<br>Il est donc naturel que certaines notions interrogent, surprennent ou demandent un temps d\u2019appropriation.<br>Cet espace a \u00e9t\u00e9 pens\u00e9 comme un point d\u2019appui: un lieu pour comprendre la philosophie du programme,<br>clarifier son fonctionnement et poser ses questions pour avancer progressivement.<br>Pr\u00eats \u00e0 d\u00e9couvrir les nouveaut\u00e9s ?!<\/p>\n\n\n\n<h2 class=\"wp-block-heading\">Suivez le parcours de capsules vid\u00e9os pour comprendre la logique du programme<\/h2>\n\n\n\n<p>Les capsules ci-dessous ont \u00e9t\u00e9 pens\u00e9es comme un chemin de compr\u00e9hension progressif.<br>Il est fortement recommand\u00e9 de les visionner dans l\u2019ordre une premi\u00e8re fois.<br>Chaque capsule vous \u00e9clairera un peu plus sur ce nouveau programme.<br>Vous pouvez poser vos questions \u00e0 la suite du visionnage des capsules en cliquant ici.<br>Bon visionnage !<\/p>\n\n\n\n<div class=\"wp-block-buttons is-content-justification-center is-layout-flex wp-container-core-buttons-is-layout-16018d1d wp-block-buttons-is-layout-flex\">\n<div class=\"wp-block-button\"><a class=\"wp-block-button__link has-text-align-center wp-element-button\" href=\"https:\/\/forms.office.com\/e\/mZUpr1Bru4\">Cliquez pour poser votre question<\/a><\/div>\n<\/div>\n\n\n\n<hr class=\"wp-block-separator has-alpha-channel-opacity\"\/>\n\n\n\n<p class=\"has-black-color has-vivid-cyan-blue-background-color has-text-color has-background has-link-color wp-elements-531811184b57c3556462a7762634726f\"><strong>Capsule 1 &#8211; Philosophie du programme<\/strong><\/p>\n\n\n\n<p>Comprendre l\u2019intention avant d\u2019entrer dans les d\u00e9tails.<br>\u2192 Ce qui a r\u00e9ellement motiv\u00e9 la refonte du programme (et pourquoi ce n\u2019est pas un simple ajustement)<br>\u2192 Quelles probl\u00e9matiques de terrain il cherche \u00e0 r\u00e9soudre<br>\u2192 Le nouveau langage \u00e0 adopter<\/p>\n\n\n\n<div class=\"wp-block-buttons is-content-justification-center is-layout-flex wp-container-core-buttons-is-layout-16018d1d wp-block-buttons-is-layout-flex\">\n<div class=\"wp-block-button\"><a class=\"wp-block-button__link has-vivid-cyan-blue-background-color has-background wp-element-button\" href=\"https:\/\/ufolep-my.sharepoint.com\/:b:\/g\/personal\/sdesmots_ufolep_org\/IQCO9d-_SArwT7KXSt1kA8cNATQCfYQFdv8UzuTwcRnnz7c?e=3xUXgP\">Document Aide support  <\/a><\/div>\n<\/div>\n\n\n\n<figure class=\"wp-block-embed is-type-video is-provider-youtube wp-block-embed-youtube wp-embed-aspect-4-3 wp-has-aspect-ratio\"><div class=\"wp-block-embed__wrapper\">\n<iframe loading=\"lazy\" title=\"Pr\u00e9sentation du Nouveau Programme Technique Gym Ufolep\" width=\"863\" height=\"647\" src=\"https:\/\/www.youtube.com\/embed\/8NdRtalpLtU?feature=oembed\" frameborder=\"0\" allow=\"accelerometer; autoplay; clipboard-write; encrypted-media; gyroscope; picture-in-picture; web-share\" referrerpolicy=\"strict-origin-when-cross-origin\" allowfullscreen><\/iframe>\n<\/div><\/figure>\n\n\n\n<hr class=\"wp-block-separator has-alpha-channel-opacity\"\/>\n\n\n\n<p class=\"has-pale-pink-background-color has-background\"><strong>Capsule 2 &#8211; Les blocs d\u2019\u00e9volution et les niveaux<\/strong><\/p>\n\n\n\n<p>Comprendre comment la progression est structur\u00e9e dans le temps.<br>\u2192 D\u00e9couvrez les nouveaux niveaux UFOLEP<br>\u2192 Pourquoi plusieurs niveaux et sous-niveaux existent<br>\u2192 Comment ces blocs respectent le rythme r\u00e9el d\u2019apprentissage des gymnastes<\/p>\n\n\n\n<div class=\"wp-block-buttons is-content-justification-center is-layout-flex wp-container-core-buttons-is-layout-16018d1d wp-block-buttons-is-layout-flex\">\n<div class=\"wp-block-button\"><a class=\"wp-block-button__link has-pale-pink-background-color has-background wp-element-button\" href=\"https:\/\/ufolep-my.sharepoint.com\/:b:\/g\/personal\/sdesmots_ufolep_org\/IQC6PUZZrHtES78ZvQ6MG3yCATgnr_jP58gOHcQHH1Y1Q30?e=5FBVLC\">Document aide support<\/a><\/div>\n<\/div>\n\n\n\n<figure class=\"wp-block-embed is-type-video is-provider-youtube wp-block-embed-youtube wp-embed-aspect-16-9 wp-has-aspect-ratio\"><div class=\"wp-block-embed__wrapper\">\n<iframe loading=\"lazy\" title=\"CAPSULE 2\" width=\"863\" height=\"485\" src=\"https:\/\/www.youtube.com\/embed\/ysk1Ed4YPLo?feature=oembed\" frameborder=\"0\" allow=\"accelerometer; autoplay; clipboard-write; encrypted-media; gyroscope; picture-in-picture; web-share\" referrerpolicy=\"strict-origin-when-cross-origin\" allowfullscreen><\/iframe>\n<\/div><\/figure>\n\n\n\n<hr class=\"wp-block-separator has-alpha-channel-opacity\"\/>\n\n\n\n<p class=\"has-light-green-cyan-background-color has-background\"><strong>Capsule 3 &#8211; Comment utiliser le tableau des niveaux<\/strong><\/p>\n\n\n\n<p>Savoir lire le tableau sans se tromper.<br>\u2192 Explorez l\u2019outil qui permet de construire des encha\u00eenements \u00e9volutifs et d\u2019\u00eatre jug\u00e9<br>\u2192 Lire le tableau dans le bon ordre (TC \u2192 paliers \u2192 valorisations)<br>\u2192 Situer ses gymnastes avec clart\u00e9 et coh\u00e9rence<\/p>\n\n\n\n<div class=\"wp-block-buttons is-content-justification-center is-layout-flex wp-container-core-buttons-is-layout-16018d1d wp-block-buttons-is-layout-flex\">\n<div class=\"wp-block-button\"><a class=\"wp-block-button__link has-black-color has-light-green-cyan-background-color has-text-color has-background has-link-color wp-element-button\" href=\"https:\/\/ufolep-my.sharepoint.com\/:b:\/g\/personal\/sdesmots_ufolep_org\/IQD698w6zNQ1QL2BBFaUF9WlAWjxMl9_gF_zumoEYbWbKzA?e=93TOQd\">Document aide support<\/a><\/div>\n<\/div>\n\n\n\n<figure class=\"wp-block-embed is-type-video is-provider-youtube wp-block-embed-youtube wp-embed-aspect-16-9 wp-has-aspect-ratio\"><div class=\"wp-block-embed__wrapper\">\n<iframe loading=\"lazy\" title=\"Capsule 3\" width=\"863\" height=\"485\" src=\"https:\/\/www.youtube.com\/embed\/2SEHGwCWLGQ?feature=oembed\" frameborder=\"0\" allow=\"accelerometer; autoplay; clipboard-write; encrypted-media; gyroscope; picture-in-picture; web-share\" referrerpolicy=\"strict-origin-when-cross-origin\" allowfullscreen><\/iframe>\n<\/div><\/figure>\n\n\n\n<hr class=\"wp-block-separator has-alpha-channel-opacity\"\/>\n\n\n\n<p class=\"has-cyan-bluish-gray-background-color has-background\"><strong>Capsule 4 &#8211; Le tronc commun<\/strong><\/p>\n\n\n\n<p>Poser les bases solides de son encha\u00eenement.<br>\u2192 Ce qu\u2019il garantit dans la construction des encha\u00eenements<br>\u2192 Comment savoir si une gymnaste est dans le bon niveau<\/p>\n\n\n\n<div class=\"wp-block-buttons is-content-justification-center is-layout-flex wp-container-core-buttons-is-layout-16018d1d wp-block-buttons-is-layout-flex\">\n<div class=\"wp-block-button\"><a class=\"wp-block-button__link has-black-color has-cyan-bluish-gray-background-color has-text-color has-background has-link-color wp-element-button\" href=\"https:\/\/ufolep-my.sharepoint.com\/:b:\/g\/personal\/sdesmots_ufolep_org\/IQD8wm8kTAH7RqN2U7IfJJQTAd8Z4bYNrGIfIVCjW2lLlSw?e=F9Hh9s\">Document aide support<\/a><\/div>\n<\/div>\n\n\n\n<figure class=\"wp-block-embed is-type-video is-provider-youtube wp-block-embed-youtube wp-embed-aspect-16-9 wp-has-aspect-ratio\"><div class=\"wp-block-embed__wrapper\">\n<iframe loading=\"lazy\" title=\"Capsule 4\" width=\"863\" height=\"485\" src=\"https:\/\/www.youtube.com\/embed\/rAJpI3ZwzWQ?feature=oembed\" frameborder=\"0\" allow=\"accelerometer; autoplay; clipboard-write; encrypted-media; gyroscope; picture-in-picture; web-share\" referrerpolicy=\"strict-origin-when-cross-origin\" allowfullscreen><\/iframe>\n<\/div><\/figure>\n\n\n\n<hr class=\"wp-block-separator has-alpha-channel-opacity\"\/>\n\n\n\n<p class=\"has-luminous-vivid-amber-background-color has-background\"><strong>Capsule 5 &#8211; Les valorisations<\/strong><\/p>\n\n\n\n<p>Comprendre comment obtenir des points et comment orienter le travail \u00e0 l\u2019entra\u00eenement.<br>\u2192 D\u00e9couvrez l\u00e0 o\u00f9 se jouent r\u00e9ellement les points aujourd\u2019hui<br>\u2192 Comment les valorisations permettent de cr\u00e9er les points<br>\u2192 Le r\u00f4le des valorisations pond\u00e9r\u00e9es et la notion de choix<\/p>\n\n\n\n<div class=\"wp-block-buttons is-content-justification-center is-layout-flex wp-container-core-buttons-is-layout-16018d1d wp-block-buttons-is-layout-flex\">\n<div class=\"wp-block-button\"><a class=\"wp-block-button__link has-black-color has-luminous-vivid-amber-background-color has-text-color has-background has-link-color wp-element-button\">Document aide support &#8211; \u00e0 venir<\/a><\/div>\n<\/div>\n\n\n\n<figure class=\"wp-block-embed is-type-video is-provider-youtube wp-block-embed-youtube wp-embed-aspect-16-9 wp-has-aspect-ratio\"><div class=\"wp-block-embed__wrapper\">\n<iframe loading=\"lazy\" title=\"CAPSULE 5\" width=\"863\" height=\"485\" src=\"https:\/\/www.youtube.com\/embed\/z-Q21RGyB0E?feature=oembed\" frameborder=\"0\" allow=\"accelerometer; autoplay; clipboard-write; encrypted-media; gyroscope; picture-in-picture; web-share\" referrerpolicy=\"strict-origin-when-cross-origin\" allowfullscreen><\/iframe>\n<\/div><\/figure>\n\n\n\n<hr class=\"wp-block-separator has-alpha-channel-opacity\"\/>\n\n\n\n<h2 class=\"wp-block-heading has-vivid-red-color has-text-color has-link-color wp-elements-d89b53b959e755f7a1bc5a244a4627bb\">RESSOURCES COMPL\u00c9MENTAIRES<\/h2>\n\n\n\n<p>Retrouvez ici l\u2019ensemble des ressources mises \u00e0 votre disposition pour faciliter la compr\u00e9hension,<br>l\u2019appropriation et la mise en oeuvre du Nouveau Programme Technique.<br>Ces supports ont \u00e9t\u00e9 con\u00e7us pour accompagner les diff\u00e9rents acteurs: gymnastes, entra\u00eeneurs et dirigeants dans la lecture des nouveaux rep\u00e8res, l\u2019harmonisation des pratiques et l\u2019usage d\u2019un langage commun sur l\u2019ensemble du territoire.<\/p>\n\n\n\n<div class=\"wp-block-buttons is-layout-flex wp-block-buttons-is-layout-flex\">\n<div class=\"wp-block-button\"><a class=\"wp-block-button__link wp-element-button\">Lexique du Nouveau Programme Technique (PDF) &#8211; A venir<\/a><\/div>\n<\/div>\n\n\n\n<div style=\"height:16px\" aria-hidden=\"true\" class=\"wp-block-spacer\"><\/div>\n\n\n\n<div class=\"wp-block-buttons is-layout-flex wp-block-buttons-is-layout-flex\">\n<div class=\"wp-block-button\"><a class=\"wp-block-button__link wp-element-button\">Tableau des niveaux GAF &#8211; A venir<\/a><\/div>\n<\/div>\n\n\n\n<div style=\"height:16px\" aria-hidden=\"true\" class=\"wp-block-spacer\"><\/div>\n\n\n\n<div class=\"wp-block-buttons is-layout-flex wp-block-buttons-is-layout-flex\">\n<div class=\"wp-block-button\"><a class=\"wp-block-button__link wp-element-button\">Tableaux des niveaux GAM &#8211; A venir<\/a><\/div>\n<\/div>\n\n\n\n<div style=\"height:16px\" aria-hidden=\"true\" class=\"wp-block-spacer\"><\/div>\n\n\n\n<div class=\"wp-block-buttons is-layout-flex wp-block-buttons-is-layout-flex\">\n<div class=\"wp-block-button\"><a class=\"wp-block-button__link wp-element-button\">Exemple d&rsquo;arche &#8211; A venir<\/a><\/div>\n<\/div>\n\n\n\n<hr class=\"wp-block-separator has-alpha-channel-opacity\"\/>\n\n\n\n<h2 class=\"wp-block-heading has-vivid-red-color has-text-color has-link-color wp-elements-eba8cdd26e150aa0b65984a2917641f0\">Contribuer \u00e0 la clarification du Nouveau Programme Technique<\/h2>\n\n\n\n<p>Afin d\u2019assurer une compr\u00e9hension partag\u00e9e du programme, un espace est d\u00e9di\u00e9 \u00e0 la collecte de vos<br>questions et demandes de pr\u00e9cision.<br>Elles permettront d\u2019alimenter une foire aux questions et de guider l\u2019\u00e9laboration des prochaines ressources<br>p\u00e9dagogiques.<\/p>\n\n\n\n<div class=\"wp-block-buttons is-content-justification-center is-layout-flex wp-container-core-buttons-is-layout-16018d1d wp-block-buttons-is-layout-flex\">\n<div class=\"wp-block-button\"><a class=\"wp-block-button__link wp-element-button\" href=\"https:\/\/forms.office.com\/e\/mZUpr1Bru4\">Cliquer pour poser votre question<\/a><\/div>\n<\/div>\n\n\n\n<p><br><\/p>\n\n\n\n<p><\/p>\n","protected":false},"excerpt":{"rendered":"<p>Celui qui forme l&rsquo;entra\u00eeneur autant qu&rsquo;il valorise les gyms. Le Nouveau Programme Technique marque une \u00e9volution importante.Il vise \u00e0 accompagner durablement le d\u00e9veloppement des gymnastes, tout en offrant aux entra\u00eeneurs desrep\u00e8res clairs, structurants et \u00e9volutifs pour guider la progression.Comme tout changement de cadre, il introduit de nouveaux rep\u00e8res et de nouvelles logiques de lecture.Il est &hellip; <a href=\"https:\/\/ufolepgym.com\/index.php\/npt\/\" class=\"more-link\">Continue reading <span class=\"screen-reader-text\">Nouveau Programme Technique<\/span><\/a><\/p>\n","protected":false},"author":1,"featured_media":0,"parent":0,"menu_order":0,"comment_status":"closed","ping_status":"closed","template":"","meta":{"footnotes":""},"class_list":["post-1160","page","type-page","status-publish","hentry"],"_links":{"self":[{"href":"https:\/\/ufolepgym.com\/index.php\/wp-json\/wp\/v2\/pages\/1160","targetHints":{"allow":["GET"]}}],"collection":[{"href":"https:\/\/ufolepgym.com\/index.php\/wp-json\/wp\/v2\/pages"}],"about":[{"href":"https:\/\/ufolepgym.com\/index.php\/wp-json\/wp\/v2\/types\/page"}],"author":[{"embeddable":true,"href":"https:\/\/ufolepgym.com\/index.php\/wp-json\/wp\/v2\/users\/1"}],"replies":[{"embeddable":true,"href":"https:\/\/ufolepgym.com\/index.php\/wp-json\/wp\/v2\/comments?post=1160"}],"version-history":[{"count":12,"href":"https:\/\/ufolepgym.com\/index.php\/wp-json\/wp\/v2\/pages\/1160\/revisions"}],"predecessor-version":[{"id":1485,"href":"https:\/\/ufolepgym.com\/index.php\/wp-json\/wp\/v2\/pages\/1160\/revisions\/1485"}],"wp:attachment":[{"href":"https:\/\/ufolepgym.com\/index.php\/wp-json\/wp\/v2\/media?parent=1160"}],"curies":[{"name":"wp","href":"https:\/\/api.w.org\/{rel}","templated":true}]}}