{"id":1326,"date":"2025-12-02T19:08:41","date_gmt":"2025-12-02T18:08:41","guid":{"rendered":"https:\/\/ufolepgym.com\/?page_id=1326"},"modified":"2026-01-24T16:40:35","modified_gmt":"2026-01-24T15:40:35","slug":"ufogymcompet","status":"publish","type":"page","link":"https:\/\/ufolepgym.com\/index.php\/ufogymcompet\/","title":{"rendered":"UfoGymCompet"},"content":{"rendered":"\n<h2 class=\"wp-block-heading has-text-align-center\"><a href=\"http:\/\/competition.flipsalto.fr\/home\">http:\/\/competition.flipsalto.fr\/<\/a><\/h2>\n\n\n\n<p class=\"has-small-font-size\">L&rsquo;application de gestion des comp\u00e9titions permettant notamment :<\/p>\n\n\n\n<ul class=\"wp-block-list has-small-font-size\">\n<li>la gestion des ordres de passage par les clubs<\/li>\n\n\n\n<li>la saisie des notes sur tablette par les juges,<\/li>\n\n\n\n<li>la consultation sur Internet des notes par les clubs (entraineurs, responsables, etc.),<\/li>\n\n\n\n<li>un contr\u00f4le des licences simplifi\u00e9 et s\u00e9curis\u00e9,<\/li>\n\n\n\n<li>des contr\u00f4les \u00e0 toutes les \u00e9tapes,<\/li>\n\n\n\n<li>une supervision compl\u00e8te pour les responsables des juges et chefs de plateaux,<\/li>\n\n\n\n<li class=\"has-small-font-size\">des palmar\u00e8s disponibles instantan\u00e9ment et que l&rsquo;organisateur peut publier imm\u00e9diatement.<\/li>\n<\/ul>\n\n\n\n<div class=\"wp-block-buttons has-custom-font-size has-small-font-size is-content-justification-center is-layout-flex wp-container-core-buttons-is-layout-16018d1d wp-block-buttons-is-layout-flex\">\n<div class=\"wp-block-button is-style-outline is-style-outline--1\"><a class=\"wp-block-button__link has-vivid-green-cyan-color has-text-color has-link-color wp-element-button\" href=\"https:\/\/competition.flipsalto.fr\/register\" target=\"_blank\" rel=\"noreferrer noopener\">S&rsquo;INSCRIRE<br>chacun son compte !<\/a><\/div>\n\n\n\n<div class=\"wp-block-button is-style-outline is-style-outline--2\"><a class=\"wp-block-button__link has-vivid-cyan-blue-color has-text-color has-link-color wp-element-button\" href=\"https:\/\/competition.flipsalto.fr\/public\/competitions\" target=\"_blank\" rel=\"noreferrer noopener\">VOIR LES RESULTATS<\/a><\/div>\n\n\n\n<div class=\"wp-block-button is-style-outline is-style-outline--3\"><a class=\"wp-block-button__link has-luminous-vivid-orange-color has-text-color has-link-color wp-element-button\" href=\"https:\/\/competition.flipsalto.fr\/login\" target=\"_blank\" rel=\"noreferrer noopener\">SE CONNECTER<\/a><\/div>\n<\/div>\n\n\n\n<hr class=\"wp-block-separator has-text-color has-vivid-red-color has-alpha-channel-opacity has-vivid-red-background-color has-background\"\/>\n\n\n\n<h2 class=\"wp-block-heading\">Et pour vous aider<\/h2>\n\n\n<div class=\"wp-block-image is-style-default wp-duotone-blue-orange\">\n<figure class=\"aligncenter size-full\"><a href=\"http:\/\/doc.flipsalto.fr\/books\" target=\"_blank\" rel=\" noreferrer noopener\"><img loading=\"lazy\" decoding=\"async\" width=\"851\" height=\"290\" src=\"https:\/\/ufolepgym.com\/wp-content\/uploads\/2025\/12\/Guides.jpg\" alt=\"\" class=\"wp-image-1329\" srcset=\"https:\/\/ufolepgym.com\/wp-content\/uploads\/2025\/12\/Guides.jpg 851w, https:\/\/ufolepgym.com\/wp-content\/uploads\/2025\/12\/Guides-300x102.jpg 300w, https:\/\/ufolepgym.com\/wp-content\/uploads\/2025\/12\/Guides-768x262.jpg 768w, https:\/\/ufolepgym.com\/wp-content\/uploads\/2025\/12\/Guides-317x108.jpg 317w\" sizes=\"auto, (max-width: 851px) 100vw, 851px\" \/><\/a><figcaption class=\"wp-element-caption\"><sub>Des guides adapt\u00e9s \u00e0 chaque profil<\/sub><\/figcaption><\/figure>\n<\/div>\n\n<div class=\"wp-block-image is-style-default wp-duotone-magenta-yellow\">\n<figure class=\"aligncenter size-full\"><a href=\"https:\/\/ufolep-my.sharepoint.com\/:w:\/g\/personal\/sdesmots_ufolep_org\/ERHlnK7jD1ROmtcdaSWCSiEBbcj2W31E82gE96pbDHz0mg?rtime=LPdwL6ou3Ug\" target=\"_blank\" rel=\" noreferrer noopener\"><img loading=\"lazy\" decoding=\"async\" width=\"837\" height=\"280\" src=\"https:\/\/ufolepgym.com\/wp-content\/uploads\/2025\/12\/fiches.jpg\" alt=\"\" class=\"wp-image-1333\" srcset=\"https:\/\/ufolepgym.com\/wp-content\/uploads\/2025\/12\/fiches.jpg 837w, https:\/\/ufolepgym.com\/wp-content\/uploads\/2025\/12\/fiches-300x100.jpg 300w, https:\/\/ufolepgym.com\/wp-content\/uploads\/2025\/12\/fiches-768x257.jpg 768w, https:\/\/ufolepgym.com\/wp-content\/uploads\/2025\/12\/fiches-323x108.jpg 323w\" sizes=\"auto, (max-width: 837px) 100vw, 837px\" \/><\/a><figcaption class=\"wp-element-caption\"><sub>Des fiches r\u00e9capitulatives pour le jour J<\/sub><\/figcaption><\/figure>\n<\/div>\n\n\n<div class=\"wp-block-columns are-vertically-aligned-top is-layout-flex wp-container-core-columns-is-layout-9d6595d7 wp-block-columns-is-layout-flex\">\n<div class=\"wp-block-column is-vertically-aligned-top is-layout-flow wp-block-column-is-layout-flow\" style=\"flex-basis:33.34%\"><div class=\"wp-block-image is-style-default wp-duotone-purple-yellow\">\n<figure class=\"aligncenter size-full\"><a href=\"http:\/\/doc.flipsalto.fr\/books\/evolutions-et-nouveautes\/page\/suivi-des-evolutions-grand-public\" target=\"_blank\" rel=\" noreferrer noopener\"><img loading=\"lazy\" decoding=\"async\" width=\"270\" height=\"221\" src=\"https:\/\/ufolepgym.com\/wp-content\/uploads\/2025\/12\/Evo.jpg\" alt=\"\" class=\"wp-image-1330\" srcset=\"https:\/\/ufolepgym.com\/wp-content\/uploads\/2025\/12\/Evo.jpg 270w, https:\/\/ufolepgym.com\/wp-content\/uploads\/2025\/12\/Evo-132x108.jpg 132w\" sizes=\"auto, (max-width: 270px) 100vw, 270px\" \/><\/a><figcaption class=\"wp-element-caption\"><sub>un suivi des \u00e9volutions<\/sub><\/figcaption><\/figure>\n<\/div><\/div>\n\n\n\n<div class=\"wp-block-column is-vertically-aligned-top is-layout-flow wp-block-column-is-layout-flow\" style=\"flex-basis:33.34%\"><div class=\"wp-block-image is-style-default wp-duotone-midnight\">\n<figure class=\"aligncenter size-full\"><a href=\"https:\/\/ufolep-my.sharepoint.com\/:w:\/g\/personal\/sdesmots_ufolep_org\/EUHfFgRsxMtFnYb4TkrDuBkBT6mR8KZVv-U59XSQ5G5BzQ\" target=\"_blank\" rel=\" noreferrer noopener\"><img loading=\"lazy\" decoding=\"async\" width=\"269\" height=\"221\" src=\"https:\/\/ufolepgym.com\/wp-content\/uploads\/2025\/12\/docs.jpg\" alt=\"\" class=\"wp-image-1328\" srcset=\"https:\/\/ufolepgym.com\/wp-content\/uploads\/2025\/12\/docs.jpg 269w, https:\/\/ufolepgym.com\/wp-content\/uploads\/2025\/12\/docs-131x108.jpg 131w\" sizes=\"auto, (max-width: 269px) 100vw, 269px\" \/><\/a><figcaption class=\"wp-element-caption\"><sub>Un guide pas \u00e0 pas<\/sub><\/figcaption><\/figure>\n<\/div><\/div>\n\n\n\n<div class=\"wp-block-column is-vertically-aligned-top is-layout-flow wp-block-column-is-layout-flow\" style=\"flex-basis:33.33%\"><div class=\"wp-block-image is-style-rounded wp-duotone-a60072-13d41385-4\">\n<figure class=\"aligncenter size-medium\"><a href=\"https:\/\/ufolep-my.sharepoint.com\/:b:\/g\/personal\/sdesmots_ufolep_org\/EYUj-DhqfrJMoMMVnOdzhb4BfV2YbC6OEWjD4-WHQ2Bzeg\" target=\"_blank\" rel=\" noreferrer noopener\"><img loading=\"lazy\" decoding=\"async\" width=\"215\" height=\"300\" src=\"https:\/\/ufolepgym.com\/wp-content\/uploads\/2025\/12\/affiche-qrcode-215x300.jpg\" alt=\"\" class=\"wp-image-1332\" srcset=\"https:\/\/ufolepgym.com\/wp-content\/uploads\/2025\/12\/affiche-qrcode-215x300.jpg 215w, https:\/\/ufolepgym.com\/wp-content\/uploads\/2025\/12\/affiche-qrcode-733x1024.jpg 733w, https:\/\/ufolepgym.com\/wp-content\/uploads\/2025\/12\/affiche-qrcode-768x1073.jpg 768w, https:\/\/ufolepgym.com\/wp-content\/uploads\/2025\/12\/affiche-qrcode-863x1206.jpg 863w, https:\/\/ufolepgym.com\/wp-content\/uploads\/2025\/12\/affiche-qrcode-77x108.jpg 77w, https:\/\/ufolepgym.com\/wp-content\/uploads\/2025\/12\/affiche-qrcode.jpg 893w\" sizes=\"auto, (max-width: 215px) 100vw, 215px\" \/><\/a><figcaption class=\"wp-element-caption\"><sub>une affiche jour de comp\u00e9tition<\/sub><\/figcaption><\/figure>\n<\/div><\/div>\n<\/div>\n\n\n\n<h2 class=\"wp-block-heading\">Mais aussi : des vid\u00e9os tuto<\/h2>\n\n\n\n<p class=\"has-small-font-size\">Pour vous aider \u00e0 comprendre rapidement certaines fonctionnalit\u00e9s, regardez nos vid\u00e9os !<br>Et surtout, n&rsquo;h\u00e9sitez pas \u00e0 nous proposer de nouveaux tutoriaux.<\/p>\n\n\n\n<figure class=\"wp-block-embed is-type-video is-provider-youtube wp-block-embed-youtube wp-embed-aspect-16-9 wp-has-aspect-ratio\"><div class=\"wp-block-embed__wrapper\">\n<iframe loading=\"lazy\" title=\"Logiciel Comp\u00e9tition : saisie JUGES\" width=\"863\" height=\"485\" src=\"https:\/\/www.youtube.com\/embed\/jlog_P4UvT8?feature=oembed\" frameborder=\"0\" allow=\"accelerometer; autoplay; clipboard-write; encrypted-media; gyroscope; picture-in-picture; web-share\" referrerpolicy=\"strict-origin-when-cross-origin\" allowfullscreen><\/iframe>\n<\/div><\/figure>\n\n\n\n<figure class=\"wp-block-embed is-type-video is-provider-youtube wp-block-embed-youtube wp-embed-aspect-16-9 wp-has-aspect-ratio\"><div class=\"wp-block-embed__wrapper\">\n<iframe loading=\"lazy\" title=\"Logiciel Comp\u00e9tition : g\u00e9rer plateaux et cat\u00e9gories\" width=\"863\" height=\"485\" src=\"https:\/\/www.youtube.com\/embed\/uU6b2CGmPxg?feature=oembed\" frameborder=\"0\" allow=\"accelerometer; autoplay; clipboard-write; encrypted-media; gyroscope; picture-in-picture; web-share\" referrerpolicy=\"strict-origin-when-cross-origin\" allowfullscreen><\/iframe>\n<\/div><\/figure>\n\n\n\n<figure class=\"wp-block-embed is-type-video is-provider-youtube wp-block-embed-youtube wp-embed-aspect-16-9 wp-has-aspect-ratio\"><div class=\"wp-block-embed__wrapper\">\n<iframe loading=\"lazy\" title=\"Logiciel Comp\u00e9tition : publier palmar\u00e8s\" width=\"863\" height=\"485\" src=\"https:\/\/www.youtube.com\/embed\/rsf0X0aXdY4?feature=oembed\" frameborder=\"0\" allow=\"accelerometer; autoplay; clipboard-write; encrypted-media; gyroscope; picture-in-picture; web-share\" referrerpolicy=\"strict-origin-when-cross-origin\" allowfullscreen><\/iframe>\n<\/div><\/figure>\n\n\n\n<figure class=\"wp-block-embed is-type-video is-provider-youtube wp-block-embed-youtube wp-embed-aspect-16-9 wp-has-aspect-ratio\"><div class=\"wp-block-embed__wrapper\">\n<iframe loading=\"lazy\" title=\"Logiciel Comp\u00e9tition : affecter tours\" width=\"863\" height=\"485\" src=\"https:\/\/www.youtube.com\/embed\/Bt025K5b-IQ?feature=oembed\" frameborder=\"0\" allow=\"accelerometer; autoplay; clipboard-write; encrypted-media; gyroscope; picture-in-picture; web-share\" referrerpolicy=\"strict-origin-when-cross-origin\" allowfullscreen><\/iframe>\n<\/div><\/figure>\n\n\n\n<figure class=\"wp-block-embed is-type-video is-provider-youtube wp-block-embed-youtube wp-embed-aspect-4-3 wp-has-aspect-ratio\"><div class=\"wp-block-embed__wrapper\">\n<iframe loading=\"lazy\" title=\"Logiciel Comp\u00e9tition : cr\u00e9er son code PIN\" width=\"863\" height=\"647\" src=\"https:\/\/www.youtube.com\/embed\/V_6WFet2sR0?feature=oembed\" frameborder=\"0\" allow=\"accelerometer; autoplay; clipboard-write; encrypted-media; gyroscope; picture-in-picture; web-share\" referrerpolicy=\"strict-origin-when-cross-origin\" allowfullscreen><\/iframe>\n<\/div><\/figure>\n","protected":false},"excerpt":{"rendered":"<p>http:\/\/competition.flipsalto.fr\/ L&rsquo;application de gestion des comp\u00e9titions permettant notamment : Et pour vous aider Mais aussi : des vid\u00e9os tuto Pour vous aider \u00e0 comprendre rapidement certaines fonctionnalit\u00e9s, regardez nos vid\u00e9os !Et surtout, n&rsquo;h\u00e9sitez pas \u00e0 nous proposer de nouveaux tutoriaux.<\/p>\n","protected":false},"author":1,"featured_media":0,"parent":0,"menu_order":0,"comment_status":"closed","ping_status":"closed","template":"","meta":{"footnotes":""},"class_list":["post-1326","page","type-page","status-publish","hentry"],"_links":{"self":[{"href":"https:\/\/ufolepgym.com\/index.php\/wp-json\/wp\/v2\/pages\/1326","targetHints":{"allow":["GET"]}}],"collection":[{"href":"https:\/\/ufolepgym.com\/index.php\/wp-json\/wp\/v2\/pages"}],"about":[{"href":"https:\/\/ufolepgym.com\/index.php\/wp-json\/wp\/v2\/types\/page"}],"author":[{"embeddable":true,"href":"https:\/\/ufolepgym.com\/index.php\/wp-json\/wp\/v2\/users\/1"}],"replies":[{"embeddable":true,"href":"https:\/\/ufolepgym.com\/index.php\/wp-json\/wp\/v2\/comments?post=1326"}],"version-history":[{"count":8,"href":"https:\/\/ufolepgym.com\/index.php\/wp-json\/wp\/v2\/pages\/1326\/revisions"}],"predecessor-version":[{"id":1431,"href":"https:\/\/ufolepgym.com\/index.php\/wp-json\/wp\/v2\/pages\/1326\/revisions\/1431"}],"wp:attachment":[{"href":"https:\/\/ufolepgym.com\/index.php\/wp-json\/wp\/v2\/media?parent=1326"}],"curies":[{"name":"wp","href":"https:\/\/api.w.org\/{rel}","templated":true}]}}