{"id":87,"date":"2024-09-18T01:46:09","date_gmt":"2024-09-17T23:46:09","guid":{"rendered":"https:\/\/ufolepgym.com\/?page_id=87"},"modified":"2026-01-16T20:49:40","modified_gmt":"2026-01-16T19:49:40","slug":"docs_g1","status":"publish","type":"page","link":"https:\/\/ufolepgym.com\/index.php\/docs_g1\/","title":{"rendered":"Groupe 1"},"content":{"rendered":"\n<div class=\"wp-block-columns is-layout-flex wp-container-core-columns-is-layout-9d6595d7 wp-block-columns-is-layout-flex\">\n<div class=\"wp-block-column is-layout-flow wp-block-column-is-layout-flow\">\n<figure class=\"wp-block-table is-style-stripes has-small-font-size\"><table class=\"has-fixed-layout\"><tbody><tr><td class=\"has-text-align-center\" data-align=\"center\">Retrouvez les documents de comp\u00e9titions (dossier, affiche, pr\u00e9-orga, grilles, etc.) sur <a href=\"https:\/\/clubs.ufolepgym.com\/index.php?page=affichage_compet\" target=\"_blank\" rel=\"noreferrer noopener\">le site des clubs<\/a><\/td><\/tr><\/tbody><\/table><\/figure>\n\n\n\n<hr class=\"wp-block-separator has-text-color has-luminous-vivid-amber-color has-alpha-channel-opacity has-luminous-vivid-amber-background-color has-background is-style-default\"\/>\n\n\n\n<div class=\"wp-block-media-text has-media-on-the-right is-stacked-on-mobile\" style=\"grid-template-columns:auto 30%\"><div class=\"wp-block-media-text__content\">\n<p class=\"has-small-font-size\"><strong>Responsable du Groupe 1 :<\/strong><br>Christelle GUARINI (cguarini@ufolep.org)<br><strong>CNS (membres et PR) :<\/strong><br>Christelle GUARINI (cguarini@ufolep.org)<br>S\u00e9bastien DESMOTS (sdesmots@ufolep.org)<br>S\u00e9bastien POTTIER (spottier@ufolep.org)<br><strong>Responsable des juges GAF :<\/strong><br>Christopher CH\u00c9RON (ccheron@ufolep.org)<br><strong>Responsable des juges GAM :<\/strong><br>S\u00e9bastien DESMOTS (sdesmots@ufolep.org)<br>Said CHAIBDRAA (schaibdr43@gmail.com)<\/p>\n<\/div><figure class=\"wp-block-media-text__media\"><img loading=\"lazy\" decoding=\"async\" width=\"200\" height=\"200\" src=\"https:\/\/ufolepgym.com\/wp-content\/uploads\/2024\/09\/Groupe1_200x200.png\" alt=\"\" class=\"wp-image-174 size-full\" srcset=\"https:\/\/ufolepgym.com\/wp-content\/uploads\/2024\/09\/Groupe1_200x200.png 200w, https:\/\/ufolepgym.com\/wp-content\/uploads\/2024\/09\/Groupe1_200x200-150x150.png 150w\" sizes=\"auto, (max-width: 200px) 100vw, 200px\" \/><\/figure><\/div>\n\n\n\n<hr class=\"wp-block-separator has-text-color has-luminous-vivid-amber-color has-alpha-channel-opacity has-luminous-vivid-amber-background-color has-background\"\/>\n\n\n\n<h2 class=\"wp-block-heading has-text-align-center has-small-font-size\">Ses r\u00e9gions<\/h2>\n\n\n\n<div class=\"wp-block-columns is-layout-flex wp-container-core-columns-is-layout-9d6595d7 wp-block-columns-is-layout-flex\">\n<div class=\"wp-block-column is-layout-flow wp-block-column-is-layout-flow\">\n<h3 class=\"wp-block-heading has-text-align-center has-small-font-size\">Hauts de France<\/h3>\n\n\n\n<p class=\"has-small-font-size\">Les Hauts de France dispose d&rsquo;un <a href=\"https:\/\/ufolep-csrgymhdf.fr\/\" target=\"_blank\" rel=\"noreferrer noopener\">site Internet<\/a><\/p>\n\n\n\n<h4 class=\"wp-block-heading has-small-font-size\">Informations \/ documents<\/h4>\n\n\n\n<div class=\"wp-block-buttons is-content-justification-center is-layout-flex wp-container-core-buttons-is-layout-16018d1d wp-block-buttons-is-layout-flex\">\n<div class=\"wp-block-button\"><a class=\"wp-block-button__link has-pale-pink-background-color has-background has-small-font-size has-custom-font-size wp-element-button\" href=\"https:\/\/ufolep-csrgymhdf.fr\/\" target=\"_blank\" rel=\"noreferrer noopener\">site r\u00e9gional<\/a><\/div>\n<\/div>\n<\/div>\n\n\n\n<div class=\"wp-block-column is-layout-flow wp-block-column-is-layout-flow\">\n<h3 class=\"wp-block-heading has-text-align-center has-small-font-size\">Ile de France<\/h3>\n\n\n\n<div class=\"wp-block-buttons is-content-justification-center is-layout-flex wp-container-core-buttons-is-layout-16018d1d wp-block-buttons-is-layout-flex\">\n<div class=\"wp-block-button is-style-outline is-style-outline--1\"><a class=\"wp-block-button__link has-vivid-red-color has-light-green-cyan-background-color has-text-color has-background has-link-color has-small-font-size has-custom-font-size wp-element-button\" href=\"https:\/\/drive.google.com\/file\/d\/19F3gaUWpbOr0UEz1CyK_shSInVaSipd1\/view?usp=drive_link\" target=\"_blank\" rel=\"noreferrer noopener\">Votre CTSR<br>(trombinoscope)<\/a><\/div>\n<\/div>\n\n\n\n<h4 class=\"wp-block-heading has-small-font-size\">Comptes-rendus de nos r\u00e9unions<\/h4>\n\n\n\n<ul class=\"wp-block-list has-small-font-size\">\n<li><a href=\"https:\/\/docs.google.com\/document\/d\/1y9S5cil_UJCJWGy-euoFo4Nk2jwcEMti\/edit?usp=sharing&amp;ouid=108189300335738547164&amp;rtpof=true&amp;sd=true\" target=\"_blank\" rel=\"noreferrer noopener\">06\/01\/26 &#8211; CTSR<\/a><\/li>\n\n\n\n<li><a href=\"https:\/\/docs.google.com\/document\/d\/18P1a0IqXT8mxVjrBfWq9_0Y6BkQfQ_oV\/edit?usp=sharing&amp;ouid=108189300335738547164&amp;rtpof=true&amp;sd=true\" target=\"_blank\" rel=\"noreferrer noopener\">05\/11\/25 &#8211; CTSR<\/a><\/li>\n\n\n\n<li><a href=\"https:\/\/docs.google.com\/presentation\/d\/1xuZTieKEZ4D-6Bn4kXehuJu2EHR08hBE\/edit?usp=sharing&amp;ouid=108189300335738547164&amp;rtpof=true&amp;sd=true\" target=\"_blank\" rel=\"noreferrer noopener\">28\/09\/25 &#8211; CTSR et clubs<\/a><\/li>\n\n\n\n<li><a href=\"https:\/\/docs.google.com\/document\/d\/1kGAQJByASpFw8IBzyw94gwPkq8euzG7e\/edit?usp=sharing&amp;ouid=108189300335738547164&amp;rtpof=true&amp;sd=true\" target=\"_blank\" rel=\"noreferrer noopener\">30\/06\/25 &#8211; CTSR<\/a><\/li>\n\n\n\n<li><a href=\"https:\/\/docs.google.com\/document\/d\/1AcErgc7ogEJkprDIIiHxU8r-BVKs1NmU\/edit?usp=sharing&amp;ouid=108189300335738547164&amp;rtpof=true&amp;sd=true\" target=\"_blank\" rel=\"noreferrer noopener\">30\/04\/25 &#8211; CTSR<\/a><\/li>\n\n\n\n<li><a href=\"https:\/\/docs.google.com\/document\/d\/1gljnSv66WdTJ9SSMMPsPsk0q463zqch4\/edit?usp=sharing&amp;ouid=108189300335738547164&amp;rtpof=true&amp;sd=true\" target=\"_blank\" rel=\"noreferrer noopener\">07\/01\/25 &#8211; CTSR<\/a><\/li>\n\n\n\n<li><a href=\"https:\/\/docs.google.com\/document\/d\/1KZvSuA8oINT6oEx6D7Cb9Cwn4ov3T4CU\/edit?usp=sharing&amp;ouid=108189300335738547164&amp;rtpof=true&amp;sd=true\" target=\"_blank\" rel=\"noreferrer noopener\">01\/10\/24 &#8211; CTSR<\/a><\/li>\n<\/ul>\n\n\n\n<h4 class=\"wp-block-heading has-small-font-size\">Informations \/ documents<\/h4>\n\n\n\n<div class=\"wp-block-buttons has-custom-font-size has-small-font-size is-horizontal is-content-justification-center is-layout-flex wp-container-core-buttons-is-layout-499968f5 wp-block-buttons-is-layout-flex\">\n<div class=\"wp-block-button\"><a class=\"wp-block-button__link has-vivid-green-cyan-background-color has-background has-small-font-size has-custom-font-size wp-element-button\" href=\"https:\/\/docs.google.com\/spreadsheets\/d\/1oWBK7TbdyYtIEag1YYAOxtBR8ogPgL1orkswt95s3xA\" target=\"_blank\" rel=\"noreferrer noopener\">Mailing r\u00e9gional<\/a><\/div>\n\n\n\n<div class=\"wp-block-button\"><a class=\"wp-block-button__link has-luminous-vivid-orange-background-color has-background wp-element-button\" href=\"https:\/\/docs.google.com\/document\/d\/1FwbK8J_M1FQfswSa0tpjvx7jfKItHntw\/edit?usp=sharing&amp;ouid=108189300335738547164&amp;rtpof=true&amp;sd=true\" target=\"_blank\" rel=\"noreferrer noopener\">Plateau r\u00e9gional gonflable<\/a><\/div>\n\n\n\n<div class=\"wp-block-button\"><a class=\"wp-block-button__link has-pale-cyan-blue-background-color has-background wp-element-button\" href=\"https:\/\/drive.google.com\/file\/d\/1yQiMDUoUcJ3K42hOQSi47MsUxIK7rcCE\/view?usp=sharing\" target=\"_blank\" rel=\"noreferrer noopener\">Programme TREMPLIN<\/a><\/div>\n\n\n\n<div class=\"wp-block-button\"><a class=\"wp-block-button__link has-pale-cyan-blue-background-color has-background wp-element-button\" href=\"https:\/\/docs.google.com\/document\/d\/13RHoK0t572KpgSKf0pMG8VAiMfkUYYy8M6YQvC0ZzZI\/edit?usp=sharing\" target=\"_blank\" rel=\"noreferrer noopener\">Programme ENCHAINEMENTS<\/a><\/div>\n\n\n\n<div class=\"wp-block-button\"><a class=\"wp-block-button__link has-pale-pink-background-color has-background wp-element-button\" href=\"https:\/\/docs.google.com\/spreadsheets\/d\/1hAEKuCcabAgKBU6koNAfC3HnyD7FQU4ORBvAXB0vmkc\/edit?usp=sharing\" target=\"_blank\" rel=\"noreferrer noopener\">R\u00e8gle des pourcentages<\/a><\/div>\n<\/div>\n<\/div>\n<\/div>\n<\/div>\n<\/div>\n\n\n\n<hr class=\"wp-block-separator has-text-color has-vivid-red-color has-alpha-channel-opacity has-vivid-red-background-color has-background\"\/>\n\n\n\n<p><\/p>\n","protected":false},"excerpt":{"rendered":"<p>Retrouvez les documents de comp\u00e9titions (dossier, affiche, pr\u00e9-orga, grilles, etc.) sur le site des clubs Responsable du Groupe 1 :Christelle GUARINI (cguarini@ufolep.org)CNS (membres et PR) :Christelle GUARINI (cguarini@ufolep.org)S\u00e9bastien DESMOTS (sdesmots@ufolep.org)S\u00e9bastien POTTIER (spottier@ufolep.org)Responsable des juges GAF :Christopher CH\u00c9RON (ccheron@ufolep.org)Responsable des juges GAM :S\u00e9bastien DESMOTS (sdesmots@ufolep.org)Said CHAIBDRAA (schaibdr43@gmail.com) Ses r\u00e9gions Hauts de France Les Hauts de France &hellip; <a href=\"https:\/\/ufolepgym.com\/index.php\/docs_g1\/\" class=\"more-link\">Continue reading <span class=\"screen-reader-text\">Groupe 1<\/span><\/a><\/p>\n","protected":false},"author":1,"featured_media":0,"parent":0,"menu_order":0,"comment_status":"closed","ping_status":"closed","template":"","meta":{"footnotes":""},"class_list":["post-87","page","type-page","status-publish","hentry"],"_links":{"self":[{"href":"https:\/\/ufolepgym.com\/index.php\/wp-json\/wp\/v2\/pages\/87","targetHints":{"allow":["GET"]}}],"collection":[{"href":"https:\/\/ufolepgym.com\/index.php\/wp-json\/wp\/v2\/pages"}],"about":[{"href":"https:\/\/ufolepgym.com\/index.php\/wp-json\/wp\/v2\/types\/page"}],"author":[{"embeddable":true,"href":"https:\/\/ufolepgym.com\/index.php\/wp-json\/wp\/v2\/users\/1"}],"replies":[{"embeddable":true,"href":"https:\/\/ufolepgym.com\/index.php\/wp-json\/wp\/v2\/comments?post=87"}],"version-history":[{"count":43,"href":"https:\/\/ufolepgym.com\/index.php\/wp-json\/wp\/v2\/pages\/87\/revisions"}],"predecessor-version":[{"id":1396,"href":"https:\/\/ufolepgym.com\/index.php\/wp-json\/wp\/v2\/pages\/87\/revisions\/1396"}],"wp:attachment":[{"href":"https:\/\/ufolepgym.com\/index.php\/wp-json\/wp\/v2\/media?parent=87"}],"curies":[{"name":"wp","href":"https:\/\/api.w.org\/{rel}","templated":true}]}}