{"id":90,"date":"2024-09-18T01:46:09","date_gmt":"2024-09-17T23:46:09","guid":{"rendered":"https:\/\/ufolepgym.com\/?page_id=90"},"modified":"2026-04-10T18:42:36","modified_gmt":"2026-04-10T16:42:36","slug":"docs_g4","status":"publish","type":"page","link":"https:\/\/ufolepgym.com\/index.php\/docs_g4\/","title":{"rendered":"Groupe 4"},"content":{"rendered":"\n<div class=\"wp-block-columns is-layout-flex wp-container-core-columns-is-layout-9d6595d7 wp-block-columns-is-layout-flex\">\n<div class=\"wp-block-column is-layout-flow wp-block-column-is-layout-flow\" style=\"flex-basis:66.66%\">\n<h2 class=\"wp-block-heading\">Vos contacts : <\/h2>\n\n\n\n<p><strong>Responsable du groupe 4 <\/strong>: <br>Anne-Marie EMAILLE : amemaille@ufolep.org<\/p>\n\n\n\n<p><strong>Membres de la CNS Gymnastique : <\/strong><br>Florence DUFRAISE-LEVADOUX : fdufraiselevadoux.laligue@ufolep.org<\/p>\n\n\n\n<p><strong>Personnes Ressources de la CNS :<\/strong> <br>&#8211; Fr\u00e9d\u00e9rique GUERINET : fguerinet@ufolep.org<br>&#8211; S\u00e9verine FORESTIER : sforestier@ufolep.org<\/p>\n\n\n\n<p><strong>Responsable des juges GAF :<\/strong> <br>Cyrille LAPLANCHE : cyrille.laplanche@live.fr<\/p>\n\n\n\n<p><strong>Responsable des juges GAM :<\/strong> <br>Jean-Luc MARIOT : jeanlucmariot1@gmail.com<\/p>\n<\/div>\n\n\n\n<div class=\"wp-block-column is-layout-flow wp-block-column-is-layout-flow\"><\/div>\n\n\n\n<div class=\"wp-block-column is-layout-flow wp-block-column-is-layout-flow\" style=\"flex-basis:33.33%\">\n<figure class=\"wp-block-image size-full\"><img loading=\"lazy\" decoding=\"async\" width=\"604\" height=\"496\" src=\"https:\/\/ufolepgym.com\/wp-content\/uploads\/2024\/09\/Groupe4.jpg\" alt=\"\" class=\"wp-image-155\" srcset=\"https:\/\/ufolepgym.com\/wp-content\/uploads\/2024\/09\/Groupe4.jpg 604w, https:\/\/ufolepgym.com\/wp-content\/uploads\/2024\/09\/Groupe4-300x246.jpg 300w\" sizes=\"auto, (max-width: 604px) 100vw, 604px\" \/><\/figure>\n<\/div>\n<\/div>\n\n\n\n<hr class=\"wp-block-separator has-text-color has-luminous-vivid-amber-color has-alpha-channel-opacity has-luminous-vivid-amber-background-color has-background\"\/>\n\n\n\n<div class=\"wp-block-columns are-vertically-aligned-center is-layout-flex wp-container-core-columns-is-layout-9d6595d7 wp-block-columns-is-layout-flex\">\n<div class=\"wp-block-column is-vertically-aligned-center is-layout-flow wp-block-column-is-layout-flow\">\n<h2 class=\"wp-block-heading has-text-align-center\">Les finales jeunes \u00e0 Monts les 23 et 24 mai 2026<\/h2>\n<\/div>\n\n\n\n<div class=\"wp-block-column is-vertically-aligned-center is-layout-flow wp-block-column-is-layout-flow\">\n<h2 class=\"wp-block-heading has-text-align-center\">Les demi-finales GAF et finale de groupe \u00e0 D\u00e9sertines<br>les 8-9 et 10 mai 2026<\/h2>\n<\/div>\n<\/div>\n\n\n\n<div class=\"wp-block-buttons is-layout-flex wp-container-core-buttons-is-layout-132b0da8 wp-block-buttons-is-layout-flex\">\n<div class=\"wp-block-button is-style-fill\"><a class=\"wp-block-button__link has-black-color has-pale-pink-background-color has-text-color has-background has-link-color has-text-align-center wp-element-button\" href=\"https:\/\/ufolep-my.sharepoint.com\/:b:\/g\/personal\/sdesmots_ufolep_org\/IQAaNtIIDBkISqyqIuqkoqXKAUv_3fOjI8Euxput8geH_y8?e=14ZRNi\"><strong>Grille demi-groupe GAF G4 D\u00e9sertines<\/strong><\/a><\/div>\n\n\n\n<div class=\"wp-block-button is-style-fill\"><a class=\"wp-block-button__link has-black-color has-vivid-cyan-blue-background-color has-text-color has-background has-link-color wp-element-button\" href=\"https:\/\/ufolep-my.sharepoint.com\/:b:\/g\/personal\/sdesmots_ufolep_org\/IQDjnSGwRK2NRoJ3qVtCqvDAAZpAtYcNec53ZZGdLq8Dws0?e=3ktTaM\"><strong>Grille jeune G4 GAF Monts<\/strong><\/a><\/div>\n\n\n\n<div class=\"wp-block-button is-style-fill\"><a class=\"wp-block-button__link has-black-color has-text-color has-background has-link-color wp-element-button\" style=\"background:linear-gradient(135deg,rgba(227,7,150,0.92) 0%,rgb(155,81,224) 100%)\"><strong>Organigramme pr\u00e9visionnel D\u00e9sertines<\/strong><\/a><\/div>\n\n\n\n<div class=\"wp-block-button is-style-fill\"><a class=\"wp-block-button__link has-black-color has-pale-ocean-gradient-background has-text-color has-background has-link-color wp-element-button\" href=\"https:\/\/ufolep-my.sharepoint.com\/:b:\/g\/personal\/sdesmots_ufolep_org\/IQDSDbBAO85TSbKlylzJ8eoTAU74RJx5GuG1YKQU3m_ZX3Y?e=RHuKGh\"><strong>Organigramme pr\u00e9visionnel Monts<\/strong><\/a><\/div>\n<\/div>\n\n\n\n<div class=\"wp-block-buttons is-content-justification-center is-layout-flex wp-container-core-buttons-is-layout-8057eaf3 wp-block-buttons-is-layout-flex\">\n<div class=\"wp-block-button\"><a class=\"wp-block-button__link has-black-color has-text-color has-background has-link-color wp-element-button\" href=\"https:\/\/ufolep-my.sharepoint.com\/:b:\/g\/personal\/sdesmots_ufolep_org\/IQBVjR6w6HFvQI5YpCH-ztagAYlXGOFOPo8xar7SxuKJNWg?e=z0IigQ\" style=\"border-top-left-radius:63px;border-top-right-radius:63px;border-bottom-left-radius:63px;border-bottom-right-radius:63px;background-color:#fa96af7a\"><strong>Circulaire D\u00e9sertines<\/strong><\/a><\/div>\n\n\n\n<div class=\"wp-block-button is-style-fill\"><a class=\"wp-block-button__link has-black-color has-text-color has-background has-link-color wp-element-button\" href=\"https:\/\/ufolep-my.sharepoint.com\/:b:\/g\/personal\/sdesmots_ufolep_org\/IQDxKP_Auq9HTZJfsEuq51l9AWCh0zftW3IMUKq7m7O2W0k?e=RXz4LU\" style=\"background:linear-gradient(135deg,rgb(2,3,129) 0%,rgb(40,116,252) 66%)\"><strong>Circulaire Monts<\/strong><\/a><\/div>\n<\/div>\n\n\n\n<div class=\"wp-block-columns is-layout-flex wp-container-core-columns-is-layout-9d6595d7 wp-block-columns-is-layout-flex\">\n<div class=\"wp-block-column is-layout-flow wp-block-column-is-layout-flow\">\n<hr class=\"wp-block-separator has-text-color has-luminous-vivid-amber-color has-alpha-channel-opacity has-luminous-vivid-amber-background-color has-background\"\/>\n\n\n\n<h2 class=\"wp-block-heading has-text-align-center\">Ses r\u00e9gions<\/h2>\n\n\n\n<div class=\"wp-block-columns is-layout-flex wp-container-core-columns-is-layout-9d6595d7 wp-block-columns-is-layout-flex\">\n<div class=\"wp-block-column is-layout-flow wp-block-column-is-layout-flow\">\n<h3 class=\"wp-block-heading has-text-align-center\">Auvergne<br>Limousin<\/h3>\n\n\n\n<h4 class=\"wp-block-heading\">Informations \/ documents<\/h4>\n\n\n\n<div class=\"wp-block-buttons is-content-justification-center is-layout-flex wp-container-core-buttons-is-layout-16018d1d wp-block-buttons-is-layout-flex\">\n<div class=\"wp-block-button\"><a class=\"wp-block-button__link wp-element-button\">CR<\/a><\/div>\n<\/div>\n<\/div>\n\n\n\n<div class=\"wp-block-column is-layout-flow wp-block-column-is-layout-flow\">\n<h3 class=\"wp-block-heading has-text-align-center\">Centre<\/h3>\n\n\n\n<h4 class=\"wp-block-heading has-text-align-center\">Informations \/ documents<\/h4>\n\n\n\n<div class=\"wp-block-buttons is-vertical is-content-justification-center is-layout-flex wp-container-core-buttons-is-layout-9a7cdcfd wp-block-buttons-is-layout-flex\">\n<div class=\"wp-block-button\"><a class=\"wp-block-button__link has-vivid-cyan-blue-background-color has-background wp-element-button\" href=\"https:\/\/ufolep-my.sharepoint.com\/:b:\/g\/personal\/sdesmots_ufolep_org\/EZfY_Wub-6NCuAQI83EBXk0BbWxQw6CYps46ueOq2dR6Dw?e=7WEGsr\" target=\"_blank\" rel=\"noreferrer noopener\">Parcours A et B<\/a><\/div>\n\n\n\n<div class=\"wp-block-button\"><a class=\"wp-block-button__link has-vivid-cyan-blue-background-color has-background wp-element-button\" href=\"https:\/\/ufolep-my.sharepoint.com\/:b:\/g\/personal\/sdesmots_ufolep_org\/EcSgXkHPf91Ekjf1vsqQRsgBpLxA60iQpuse7U5O7vWhew?e=D6JBEx\" target=\"_blank\" rel=\"noreferrer noopener\">Parcours C<\/a><\/div>\n<\/div>\n<\/div>\n\n\n\n<div class=\"wp-block-column is-layout-flow wp-block-column-is-layout-flow\">\n<h3 class=\"wp-block-heading has-text-align-center\">Bretagne<br>Pays de Loire<\/h3>\n\n\n\n<h4 class=\"wp-block-heading\">Informations \/ documents<\/h4>\n\n\n\n<hr class=\"wp-block-separator has-alpha-channel-opacity\"\/>\n\n\n\n<h4 class=\"wp-block-heading has-text-align-center\">Ufolep 35<\/h4>\n\n\n\n<div class=\"wp-block-buttons is-content-justification-center is-layout-flex wp-container-core-buttons-is-layout-16018d1d wp-block-buttons-is-layout-flex\">\n<div class=\"wp-block-button\"><a class=\"wp-block-button__link has-text-align-center wp-element-button\" href=\"https:\/\/ufolep-my.sharepoint.com\/:b:\/g\/personal\/sdesmots_ufolep_org\/EXZmg9_ZQH5LiAkNUfFSVcgBsCi7F86w-b6tGx0OvSJ8WA?e=n23TpG\" target=\"_blank\" rel=\"noreferrer noopener\">Parcours et ME<\/a><\/div>\n<\/div>\n\n\n\n<hr class=\"wp-block-separator has-alpha-channel-opacity\"\/>\n\n\n\n<h4 class=\"wp-block-heading has-text-align-center\">Ufolep 44<\/h4>\n\n\n\n<div class=\"wp-block-buttons is-content-justification-center is-layout-flex wp-container-core-buttons-is-layout-16018d1d wp-block-buttons-is-layout-flex\">\n<div class=\"wp-block-button\"><a class=\"wp-block-button__link wp-element-button\" href=\"https:\/\/ufolep-my.sharepoint.com\/:b:\/g\/personal\/sdesmots_ufolep_org\/EaGVLciJdKpPgRAPK78sySsBb2g5QSrTCFLaxyBK8LS0fQ?e=JlLS28\" target=\"_blank\" rel=\"noreferrer noopener\">Programme Educ123<\/a><\/div>\n<\/div>\n<\/div>\n<\/div>\n<\/div>\n<\/div>\n","protected":false},"excerpt":{"rendered":"<p>Vos contacts : Responsable du groupe 4 : Anne-Marie EMAILLE : amemaille@ufolep.org Membres de la CNS Gymnastique : Florence DUFRAISE-LEVADOUX : fdufraiselevadoux.laligue@ufolep.org Personnes Ressources de la CNS : &#8211; Fr\u00e9d\u00e9rique GUERINET : fguerinet@ufolep.org&#8211; S\u00e9verine FORESTIER : sforestier@ufolep.org Responsable des juges GAF : Cyrille LAPLANCHE : cyrille.laplanche@live.fr Responsable des juges GAM : Jean-Luc MARIOT : jeanlucmariot1@gmail.com &hellip; <a href=\"https:\/\/ufolepgym.com\/index.php\/docs_g4\/\" class=\"more-link\">Continue reading <span class=\"screen-reader-text\">Groupe 4<\/span><\/a><\/p>\n","protected":false},"author":1,"featured_media":0,"parent":0,"menu_order":0,"comment_status":"closed","ping_status":"closed","template":"","meta":{"footnotes":""},"class_list":["post-90","page","type-page","status-publish","hentry"],"_links":{"self":[{"href":"https:\/\/ufolepgym.com\/index.php\/wp-json\/wp\/v2\/pages\/90","targetHints":{"allow":["GET"]}}],"collection":[{"href":"https:\/\/ufolepgym.com\/index.php\/wp-json\/wp\/v2\/pages"}],"about":[{"href":"https:\/\/ufolepgym.com\/index.php\/wp-json\/wp\/v2\/types\/page"}],"author":[{"embeddable":true,"href":"https:\/\/ufolepgym.com\/index.php\/wp-json\/wp\/v2\/users\/1"}],"replies":[{"embeddable":true,"href":"https:\/\/ufolepgym.com\/index.php\/wp-json\/wp\/v2\/comments?post=90"}],"version-history":[{"count":71,"href":"https:\/\/ufolepgym.com\/index.php\/wp-json\/wp\/v2\/pages\/90\/revisions"}],"predecessor-version":[{"id":1587,"href":"https:\/\/ufolepgym.com\/index.php\/wp-json\/wp\/v2\/pages\/90\/revisions\/1587"}],"wp:attachment":[{"href":"https:\/\/ufolepgym.com\/index.php\/wp-json\/wp\/v2\/media?parent=90"}],"curies":[{"name":"wp","href":"https:\/\/api.w.org\/{rel}","templated":true}]}}